{"id":10,"date":"2024-10-09T14:18:57","date_gmt":"2024-10-09T17:18:57","guid":{"rendered":"https:\/\/saraguedespsicologia.com.br\/agendamento\/minha-conta\/"},"modified":"2024-12-07T11:13:59","modified_gmt":"2024-12-07T14:13:59","slug":"minha-conta","status":"publish","type":"page","link":"https:\/\/saraguedespsicologia.com.br\/agendamento\/minha-conta\/","title":{"rendered":"Minha conta"},"content":{"rendered":"\t\t<div data-elementor-type=\"wp-page\" data-elementor-id=\"10\" class=\"elementor elementor-10\" data-elementor-settings=\"[]\">\n\t\t\t\t\t\t\t<div class=\"elementor-section-wrap\">\n\t\t\t\t\t\t\t<section class=\"elementor-section elementor-top-section elementor-element elementor-element-6e22cb8d elementor-section-boxed elementor-section-height-default elementor-section-height-default\" data-id=\"6e22cb8d\" data-element_type=\"section\">\n\t\t\t\t\t\t<div class=\"elementor-container elementor-column-gap-default\">\n\t\t\t\t\t<div class=\"elementor-column elementor-col-100 elementor-top-column elementor-element elementor-element-4b364d75\" data-id=\"4b364d75\" data-element_type=\"column\">\n\t\t\t<div class=\"elementor-widget-wrap elementor-element-populated\">\n\t\t\t\t\t\t\t\t<div class=\"elementor-element elementor-element-d0998e1 e-my-account-tabs-horizontal elementor-widget elementor-widget-woocommerce-my-account\" data-id=\"d0998e1\" data-element_type=\"widget\" data-widget_type=\"woocommerce-my-account.default\">\n\t\t\t\t<div class=\"elementor-widget-container\">\n\t\t\t<link rel=\"stylesheet\" href=\"https:\/\/saraguedespsicologia.com.br\/agendamento\/wp-content\/plugins\/elementor-pro\/assets\/css\/widget-woocommerce.min.css\">\t\t<div class=\"e-my-account-tab e-my-account-tab__\">\n\t\t\t<span class=\"elementor-hidden\">[woocommerce_my_account]<\/span>\n\t\t\t<div class=\"woocommerce\"><\/div>\t\t<\/div>\n\t\t\t\t<\/div>\n\t\t\t\t<\/div>\n\t\t\t\t\t<\/div>\n\t\t<\/div>\n\t\t\t\t\t\t\t<\/div>\n\t\t<\/section>\n\t\t\t\t\t\t<\/div>\n\t\t\t\t\t<\/div>\n\t\t","protected":false},"excerpt":{"rendered":"<p>Dashboard Pedidos Downloads Endere\u00e7os Detalhes da conta Sair Dashboard Pedidos Downloads Endere\u00e7os Detalhes da conta Sair Dashboard Pedidos Downloads Endere\u00e7os Detalhes da conta Sair Dashboard Pedidos Downloads Endere\u00e7os Detalhes da conta Sair Ol\u00e1, Ag\u00eancia Unit (n\u00e3o \u00e9 Ag\u00eancia Unit? Sair) A partir do painel de controle de sua conta, voc\u00ea pode ver suas compras recentes, [&hellip;]<\/p>\n","protected":false},"author":1,"featured_media":0,"parent":0,"menu_order":0,"comment_status":"closed","ping_status":"closed","template":"","meta":{"footnotes":""},"class_list":["post-10","page","type-page","status-publish","hentry"],"yoast_head":"<!-- This site is optimized with the Yoast SEO plugin v23.9 - https:\/\/yoast.com\/wordpress\/plugins\/seo\/ -->\n<title>Minha conta - Sara Guedes - Psic\u00f3loga Especialista em Relacionamentos<\/title>\n<meta name=\"robots\" content=\"index, follow, max-snippet:-1, max-image-preview:large, max-video-preview:-1\" \/>\n<link rel=\"canonical\" href=\"https:\/\/saraguedespsicologia.com.br\/agendamento\/minha-conta\/\" \/>\n<meta property=\"og:locale\" content=\"pt_BR\" \/>\n<meta property=\"og:type\" content=\"article\" \/>\n<meta property=\"og:title\" content=\"Minha conta - Sara Guedes - Psic\u00f3loga Especialista em Relacionamentos\" \/>\n<meta property=\"og:description\" content=\"Dashboard Pedidos Downloads Endere\u00e7os Detalhes da conta Sair Dashboard Pedidos Downloads Endere\u00e7os Detalhes da conta Sair Dashboard Pedidos Downloads Endere\u00e7os Detalhes da conta Sair Dashboard Pedidos Downloads Endere\u00e7os Detalhes da conta Sair Ol\u00e1, Ag\u00eancia Unit (n\u00e3o \u00e9 Ag\u00eancia Unit? Sair) A partir do painel de controle de sua conta, voc\u00ea pode ver suas compras recentes, [&hellip;]\" \/>\n<meta property=\"og:url\" content=\"https:\/\/saraguedespsicologia.com.br\/agendamento\/minha-conta\/\" \/>\n<meta property=\"og:site_name\" content=\"Sara Guedes - Psic\u00f3loga Especialista em Relacionamentos\" \/>\n<meta property=\"article:modified_time\" content=\"2024-12-07T14:13:59+00:00\" \/>\n<meta name=\"twitter:card\" content=\"summary_large_image\" \/>\n<meta name=\"twitter:label1\" content=\"Est. tempo de leitura\" \/>\n\t<meta name=\"twitter:data1\" content=\"1 minuto\" \/>\n<script type=\"application\/ld+json\" class=\"yoast-schema-graph\">{\"@context\":\"https:\/\/schema.org\",\"@graph\":[{\"@type\":\"WebPage\",\"@id\":\"https:\/\/saraguedespsicologia.com.br\/agendamento\/minha-conta\/\",\"url\":\"https:\/\/saraguedespsicologia.com.br\/agendamento\/minha-conta\/\",\"name\":\"Minha conta - Sara Guedes - Psic\u00f3loga Especialista em Relacionamentos\",\"isPartOf\":{\"@id\":\"https:\/\/saraguedespsicologia.com.br\/agendamento\/#website\"},\"datePublished\":\"2024-10-09T17:18:57+00:00\",\"dateModified\":\"2024-12-07T14:13:59+00:00\",\"breadcrumb\":{\"@id\":\"https:\/\/saraguedespsicologia.com.br\/agendamento\/minha-conta\/#breadcrumb\"},\"inLanguage\":\"pt-BR\",\"potentialAction\":[{\"@type\":\"ReadAction\",\"target\":[\"https:\/\/saraguedespsicologia.com.br\/agendamento\/minha-conta\/\"]}]},{\"@type\":\"BreadcrumbList\",\"@id\":\"https:\/\/saraguedespsicologia.com.br\/agendamento\/minha-conta\/#breadcrumb\",\"itemListElement\":[{\"@type\":\"ListItem\",\"position\":1,\"name\":\"In\u00edcio\",\"item\":\"https:\/\/saraguedespsicologia.com.br\/agendamento\/\"},{\"@type\":\"ListItem\",\"position\":2,\"name\":\"Minha conta\"}]},{\"@type\":\"WebSite\",\"@id\":\"https:\/\/saraguedespsicologia.com.br\/agendamento\/#website\",\"url\":\"https:\/\/saraguedespsicologia.com.br\/agendamento\/\",\"name\":\"Sara Guedes - Psic\u00f3loga Especialista em Relacionamentos\",\"description\":\"\",\"potentialAction\":[{\"@type\":\"SearchAction\",\"target\":{\"@type\":\"EntryPoint\",\"urlTemplate\":\"https:\/\/saraguedespsicologia.com.br\/agendamento\/?s={search_term_string}\"},\"query-input\":{\"@type\":\"PropertyValueSpecification\",\"valueRequired\":true,\"valueName\":\"search_term_string\"}}],\"inLanguage\":\"pt-BR\"}]}<\/script>\n<!-- \/ Yoast SEO plugin. -->","yoast_head_json":{"title":"Minha conta - Sara Guedes - Psic\u00f3loga Especialista em Relacionamentos","robots":{"index":"index","follow":"follow","max-snippet":"max-snippet:-1","max-image-preview":"max-image-preview:large","max-video-preview":"max-video-preview:-1"},"canonical":"https:\/\/saraguedespsicologia.com.br\/agendamento\/minha-conta\/","og_locale":"pt_BR","og_type":"article","og_title":"Minha conta - Sara Guedes - Psic\u00f3loga Especialista em Relacionamentos","og_description":"Dashboard Pedidos Downloads Endere\u00e7os Detalhes da conta Sair Dashboard Pedidos Downloads Endere\u00e7os Detalhes da conta Sair Dashboard Pedidos Downloads Endere\u00e7os Detalhes da conta Sair Dashboard Pedidos Downloads Endere\u00e7os Detalhes da conta Sair Ol\u00e1, Ag\u00eancia Unit (n\u00e3o \u00e9 Ag\u00eancia Unit? Sair) A partir do painel de controle de sua conta, voc\u00ea pode ver suas compras recentes, [&hellip;]","og_url":"https:\/\/saraguedespsicologia.com.br\/agendamento\/minha-conta\/","og_site_name":"Sara Guedes - Psic\u00f3loga Especialista em Relacionamentos","article_modified_time":"2024-12-07T14:13:59+00:00","twitter_card":"summary_large_image","twitter_misc":{"Est. tempo de leitura":"1 minuto"},"schema":{"@context":"https:\/\/schema.org","@graph":[{"@type":"WebPage","@id":"https:\/\/saraguedespsicologia.com.br\/agendamento\/minha-conta\/","url":"https:\/\/saraguedespsicologia.com.br\/agendamento\/minha-conta\/","name":"Minha conta - Sara Guedes - Psic\u00f3loga Especialista em Relacionamentos","isPartOf":{"@id":"https:\/\/saraguedespsicologia.com.br\/agendamento\/#website"},"datePublished":"2024-10-09T17:18:57+00:00","dateModified":"2024-12-07T14:13:59+00:00","breadcrumb":{"@id":"https:\/\/saraguedespsicologia.com.br\/agendamento\/minha-conta\/#breadcrumb"},"inLanguage":"pt-BR","potentialAction":[{"@type":"ReadAction","target":["https:\/\/saraguedespsicologia.com.br\/agendamento\/minha-conta\/"]}]},{"@type":"BreadcrumbList","@id":"https:\/\/saraguedespsicologia.com.br\/agendamento\/minha-conta\/#breadcrumb","itemListElement":[{"@type":"ListItem","position":1,"name":"In\u00edcio","item":"https:\/\/saraguedespsicologia.com.br\/agendamento\/"},{"@type":"ListItem","position":2,"name":"Minha conta"}]},{"@type":"WebSite","@id":"https:\/\/saraguedespsicologia.com.br\/agendamento\/#website","url":"https:\/\/saraguedespsicologia.com.br\/agendamento\/","name":"Sara Guedes - Psic\u00f3loga Especialista em Relacionamentos","description":"","potentialAction":[{"@type":"SearchAction","target":{"@type":"EntryPoint","urlTemplate":"https:\/\/saraguedespsicologia.com.br\/agendamento\/?s={search_term_string}"},"query-input":{"@type":"PropertyValueSpecification","valueRequired":true,"valueName":"search_term_string"}}],"inLanguage":"pt-BR"}]}},"_links":{"self":[{"href":"https:\/\/saraguedespsicologia.com.br\/agendamento\/wp-json\/wp\/v2\/pages\/10","targetHints":{"allow":["GET"]}}],"collection":[{"href":"https:\/\/saraguedespsicologia.com.br\/agendamento\/wp-json\/wp\/v2\/pages"}],"about":[{"href":"https:\/\/saraguedespsicologia.com.br\/agendamento\/wp-json\/wp\/v2\/types\/page"}],"author":[{"embeddable":true,"href":"https:\/\/saraguedespsicologia.com.br\/agendamento\/wp-json\/wp\/v2\/users\/1"}],"replies":[{"embeddable":true,"href":"https:\/\/saraguedespsicologia.com.br\/agendamento\/wp-json\/wp\/v2\/comments?post=10"}],"version-history":[{"count":21,"href":"https:\/\/saraguedespsicologia.com.br\/agendamento\/wp-json\/wp\/v2\/pages\/10\/revisions"}],"predecessor-version":[{"id":131,"href":"https:\/\/saraguedespsicologia.com.br\/agendamento\/wp-json\/wp\/v2\/pages\/10\/revisions\/131"}],"wp:attachment":[{"href":"https:\/\/saraguedespsicologia.com.br\/agendamento\/wp-json\/wp\/v2\/media?parent=10"}],"curies":[{"name":"wp","href":"https:\/\/api.w.org\/{rel}","templated":true}]}}